{"id":153,"date":"2014-03-13T08:45:50","date_gmt":"2014-03-13T07:45:50","guid":{"rendered":"http:\/\/www.brunobeucher.fr\/livemusic\/?page_id=153"},"modified":"2018-02-22T12:08:47","modified_gmt":"2018-02-22T11:08:47","slug":"153-2","status":"publish","type":"page","link":"https:\/\/www1.brunobeucher.fr\/livemusic\/","title":{"rendered":"ACCUEIL LIVE MUSIC"},"content":{"rendered":"<h2><a href=\"https:\/\/www1.brunobeucher.fr\/livemusic\/wp-content\/uploads\/2017\/02\/2017-02-crook-forum_003.jpg\"><img loading=\"lazy\" decoding=\"async\" class=\"aligncenter wp-image-3122 size-full\" src=\"https:\/\/www1.brunobeucher.fr\/livemusic\/wp-content\/uploads\/2017\/02\/2017-02-crook-forum_003.jpg\" alt=\"\" width=\"800\" height=\"533\" srcset=\"https:\/\/www1.brunobeucher.fr\/livemusic\/wp-content\/uploads\/2017\/02\/2017-02-crook-forum_003.jpg 800w, https:\/\/www1.brunobeucher.fr\/livemusic\/wp-content\/uploads\/2017\/02\/2017-02-crook-forum_003-300x199.jpg 300w\" sizes=\"(max-width: 800px) 100vw, 800px\" \/><\/a><\/h2>\n<h2 style=\"text-align: center;\">Ici commence un territoire musical<br \/>\n\u00e0 d\u00e9couvrir tranquillement<br \/>\nla musique dans la t\u00eate<br \/>\net une bonne bi\u00e8re a port\u00e9e de main<br \/>\n<i style=\"font-weight: normal;\">(\u00e0 consommer avec mod\u00e9ration &#8230; ou pas)<\/i><\/h2>\n<p style=\"text-align: center;\"><span style=\"color: #000000;\">Les images publi\u00e9es sur ce blog ne sont pas libres de droits. Toute utilisation sans autorisation du photographe est ill\u00e9gale.<br \/>\n\u00a9Bruno Beucher<\/span><\/p>\n<p style=\"text-align: center;\">\n","protected":false},"excerpt":{"rendered":"<p>Ici commence un territoire musical \u00e0 d\u00e9couvrir tranquillement la musique dans la t\u00eate et une bonne bi\u00e8re a port\u00e9e de main (\u00e0 consommer avec mod\u00e9ration &#8230; ou pas) Les images publi\u00e9es sur ce blog ne sont pas libres de droits. Toute utilisation sans autorisation du photographe est ill\u00e9gale. \u00a9Bruno Beucher<\/p>\n","protected":false},"author":1,"featured_media":0,"parent":0,"menu_order":0,"comment_status":"closed","ping_status":"closed","template":"","meta":{"footnotes":""},"_links":{"self":[{"href":"https:\/\/www1.brunobeucher.fr\/livemusic\/wp-json\/wp\/v2\/pages\/153"}],"collection":[{"href":"https:\/\/www1.brunobeucher.fr\/livemusic\/wp-json\/wp\/v2\/pages"}],"about":[{"href":"https:\/\/www1.brunobeucher.fr\/livemusic\/wp-json\/wp\/v2\/types\/page"}],"author":[{"embeddable":true,"href":"https:\/\/www1.brunobeucher.fr\/livemusic\/wp-json\/wp\/v2\/users\/1"}],"replies":[{"embeddable":true,"href":"https:\/\/www1.brunobeucher.fr\/livemusic\/wp-json\/wp\/v2\/comments?post=153"}],"version-history":[{"count":24,"href":"https:\/\/www1.brunobeucher.fr\/livemusic\/wp-json\/wp\/v2\/pages\/153\/revisions"}],"predecessor-version":[{"id":3521,"href":"https:\/\/www1.brunobeucher.fr\/livemusic\/wp-json\/wp\/v2\/pages\/153\/revisions\/3521"}],"wp:attachment":[{"href":"https:\/\/www1.brunobeucher.fr\/livemusic\/wp-json\/wp\/v2\/media?parent=153"}],"curies":[{"name":"wp","href":"https:\/\/api.w.org\/{rel}","templated":true}]}}